-q**3 - 6*q**2 + 75*q - 33. Give z(6).
-15
Let o(h) = h**3 - 23*h**2 + 129*h - 271. Give o(16).
1
Let f(p) = 174*p + 1220. Determine f(-7).
2
Let c(l) = -159*l + 4262. Determine c(27).
-31
Let k(q) = q**3 - 18*q**2 + 72*q - 84. What is k(13)?
7
Let p(w) = w**2 - 66*w - 1932. Determine p(88).
4
Let g(o) = o**3 - 16*o**2 + 77*o - 72. What is g(10)?
98
Let c(f) = f**3 + 5*f**2 + 5*f + 36. Give c(-5).
11
Let h(k) = 240*k + 12469. Give h(-52).
-11
Let s(r) = 2*r**2 + 359*r + 16073. What is s(-90)?
-37
Let v(s) = s**2 + 50*s + 147. Give v(-52).
251
Let s(p) = -p**3 + 139*p**2 + 662*p - 12866. Calculate s(143).
4
Let n(k) = k**2 + 42*k - 1143. What is n(19)?
16
Let m(n) = 2*n**2 + 44*n - 169. Determine m(-29).
237
Let o(r) = -24*r + 854. Determine o(34).
38
Let b(g) = g**3 + 9*g**2 - 2423*g - 328. Calculate b(45).
-13
Let l(t) = 242*t - 490. What is l(2)?
-6
Let y(c) = -46*c - 1491. What is y(-32)?
-19
Let j(q) = 1026*q - 15368. What is j(15)?
22
Let g(t) = -244*t - 57099. Give g(-234).
-3
Let o(r) = 4*r**2 - 31*r - 5. Determine o(10).
85
Let f(g) = -91*g + 1193. Determine f(13).
10
Let x(j) = -2*j**3 - 3*j**2 + 6*j + 8. Determine x(-3).
17
Let d(q) = 31*q + 48. Give d(-4).
-76
Let z(m) = 133*m**3 - 3*m**2 + 2. Give z(-1).
-134
Let t(j) = -5*j**2 + 1775*j + 8994. Calculate t(-5).
-6
Let b(f) = f**3 - 46*f**2 + 7*f + 472. Calculate b(46).
794
Let n(r) = r**2 - 20*r - 142. Give n(-7).
47
Let b(n) = 2*n**3 + 3*n**2 + 94*n - 1. Calculate b(0).
-1
Let s(t) = 3*t - 10. Give s(4).
2
Let m(n) = 9*n**2 - 156*n + 62. Calculate m(17).
11
Let l(a) = -a**2 + 76*a + 43065. Determine l(249).
-12
Let p(j) = -j**2 + 40*j - 142. Give p(5).
33
Let p(t) = -56*t**2 + 9*t - 7. Give p(1).
-54
Let s(d) = d**2 - 27*d + 29. Calculate s(21).
-97
Let x(c) = 5*c**2 - 30*c - 4. Give x(9).
131
Let i(u) = 2*u**2 - 242*u + 930. What is i(117)?
-6
Let v(z) = -610*z - 5491. Calculate v(-9).
-1
Let l(m) = 173*m - 25947. Calculate l(150).
3
Let y(h) = h**2 + 50891*h - 7. Calculate y(0).
-7
Let b(r) = -r**2 + 26*r - 149. What is b(15)?
16
Let m(a) = -117*a + 5727. Calculate m(49).
-6
Let j(x) = 8*x + 32. Determine j(34).
304
Let w(y) = 6*y**3 - 180*y**2 + 4*y + 26. What is w(30)?
146
Let h(k) = -2*k**2 + 109*k + 65. Calculate h(55).
10
Let a(m) = -m**3 + 10*m**2 + 259*m - 2122. Calculate a(8).
78
Let l(s) = s + 59. Give l(51).
110
Let z(k) = k**3 - 16*k**2 - 3417*k + 1. What is z(-51)?
1
Let v(k) = -239*k + 1547. What is v(7)?
-126
Let g(f) = f**2 - 589*f - 32613. What is g(-51)?
27
Let d(m) = -158*m + 460. What is d(3)?
-14
Let g(c) = -36*c + 1006. Calculate g(28).
-2
Let z(w) = -146*w**2 + 159*w + 159. Determine z(-1).
-146
Let z(s) = 61*s - 5840. What is z(95)?
-45
Let z(n) = -4*n**2 - 14*n + 688. What is z(-15)?
-2
Let x(w) = 59*w - 434. Give x(7).
-21
Let b(i) = i**3 + 5*i**2 - 802*i - 97. What is b(26)?
7
Let v(m) = -m**2 + 21*m - 80. What is v(10)?
30
Let n(c) = c**3 + 5*c**2 - 5*c + 66. Determine n(-7).
3
Let g(i) = -4*i**2 - 20*i + 41. Determine g(2).
-15
Let i(r) = 2*r**2 - 38*r - 77. Give i(20).
-37
Let y(f) = f**3 - 81*f**2 - 343*f + 346. Determine y(85).
91
Let q(h) = 2*h**3 - 6*h**2 + 5*h. Give q(0).
0
Let r(p) = -415*p + 14529. Calculate r(35).
4
Let g(a) = 20*a**3 - a**2 + 176*a + 178. What is g(-1)?
-19
Let c(i) = -6*i**2 + 192*i - 227. What is c(31)?
-41
Let c(v) = -345*v + 2353. What is c(7)?
-62
Let p(y) = 2*y**2 + 24*y - 172. What is p(-17)?
-2
Let s(p) = -4*p**2 + 29*p + 401. Give s(-7).
2
Let m(z) = -8*z**3 + 440*z**2 + 3*z - 182. What is m(55)?
-17
Let k(m) = -414*m + 72. Give k(0).
72
Let a(h) = -h**3 - 11*h**2 - 8*h + 1. Calculate a(-11).
89
Let u(y) = -y**3 + 3*y**2 - 38*y + 1745. Calculate u(12).
-7
Let u(i) = -3359*i + 40317. Determine u(12).
9
Let j(n) = 47*n - 295. What is j(11)?
222
Let i(d) = -d**3 - 20*d**2 + 5*d + 94. Calculate i(-20).
-6
Let d(k) = 1448*k**2 - 4347*k + 10. Determine d(3).
1
Let u(i) = 174*i + 1051. What is u(-6)?
7
Let d(q) = -8*q**2 + 426*q - 37. What is d(53)?
69
Let z(w) = -8*w**2 - 53*w - 7. Calculate z(-6).
23
Let a(y) = y**2 - 143*y + 4967. Give a(71).
-145
Let r(p) = -8*p + 30. Give r(0).
30
Let r(h) = -5*h**2 + 41*h + 80. Calculate r(8).
88
Let z(n) = -n**3 - 11*n**2 - 26*n - 24. Give z(-9).
48
Let m(o) = -20*o - 452. Give m(-26).
68
Let c(n) = 166*n - 1479. Give c(9).
15
Let z(m) = 21*m**3 + 5*m**2 + m + 234. Give z(0).
234
Let k(g) = -g**3 - 57*g**2 + 240*g - 122. Give k(-61).
122
Let u(v) = -v**2 - 29*v + 65. Calculate u(-32).
-31
Let c(v) = -v**3 + 38*v**2 + 169*v + 4174. Determine c(44).
-6
Let o(p) = 46*p - 453. Give o(10).
7
Let j(z) = 3942*z - 35484. What is j(9)?
-6
Let i(q) = -4*q - 26. What is i(-33)?
106
Let a(x) = 6*x**2 + 34*x + 73. Calculate a(-7).
129
Let q(c) = -c**3 + 16*c**2 - 16*c + 5. What is q(14)?
173
Let s(b) = -2*b**3 - 2*b**2 - 11*b - 97. What is s(0)?
-97
Let k(o) = -3*o**3 + 29*o**2 + o + 4. Determine k(9).
175
Let x(g) = 153*g - 27541. Calculate x(180).
-1
Let i(y) = -362*y + 1693. Determine i(5).
-117
Let a(w) = -w**2 - 16*w - 34. What is a(-14)?
-6
Let b(s) = s**2 - 42*s + 228. Give b(7).
-17
Let o(j) = 79*j**2 + 2757*j - 270. Give o(-35).
10
Let y(b) = 128*b - 3837. What is y(30)?
3
Let j(i) = -111*i + 3193. What is j(29)?
-26
Let b(d) = -d**3 + 17*d**2 - 9*d - 113. Give b(16).
-1
Let n(b) = 8*b**3 + 2*b**2 - 3*b - 13. Calculate n(-3).
-202
Let m(h) = -2*h**3 - 176*h**2 + 4*h + 409. Give m(-88).
57
Let n(f) = f**3 - 21*f**2 + 69*f - 59. Determine n(17).
-42
Let k(n) = -487*n + 42820. Determine k(88).
-36
Let n(k) = -388*k + 12795. Calculate n(33).
-9
Let o(z) = z**3 + 19*z**2 + 61*z - 293. Give o(-9).
-32
Let k(m) = 3*m**2 + 147*m + 296. Give k(-2).
14
Let f(k) = 128*k + 3513. Calculate f(-27).
57
Let q(o) = o**2 + 7*o + 71. Calculate q(-9).
89
Let o(k) = -26*k + 298. What is o(20)?
-222
Let k(z) = 2*z**3 + 30*z**2 - 82*z - 26. Determine k(3).
52
Let w(a) = 13*a**2 - 5*a - 21. What is w(-5)?
329
Let z(m) = -6*m**2 + 294*m - 557. Determine z(2).
7
Let c(k) = 24*k + 1037. What is c(-45)?
-43
Let c(t) = -4*t**3 - 38*t**2 + 22*t + 13. Determine c(-10).
-7
Let t(n) = -6*n**3 + 52*n**2 + 73*n + 21. Give t(-1).
6
Let v(j) = j**2 - 1481*j + 4430. Give v(3).
-4
Let k(q) = 118*q**2 - 10*q - 11. Determine k(-1).
117
Let y(b) = -b**2 - 1341*b - 13325. Determine y(-10).
-15
Let f(q) = 4*q + 149. What is f(-16)?
85
Let x(l) = -l**2 + 39*l - 373. What is x(16)?
-5
Let q(g) = 416*g + 1665. Calculate q(-4).
1
Let n(y) = y**3 + 36*y**2 - 44*y - 275. Give n(-37).
-16
Let d(j) = -j**2 + 178*j + 5320. Determine d(-26).
16
Let s(y) = -41*y - 895. Determine s(-22).
7
Let r(z) = -z**3 + 84*z**2 - 327*z + 507. What is r(80)?
-53
Let b(n) = -8*n**2 - 22*n + 3. What is b(-2)?
15
Let u(t) = t**3 + t**2 + 4*t - 607. Give u(0).
-607
Let i(w) = -w**3 + 9*w**2 - 38*w + 189. Determine i(6).
69
Let l(p) = -65*p**2 - 6*p - 7. Determine l(-1).
-66
Let i(q) = q**3 + 20*q**2 + 6*q + 87. Determine i(-19).
334
Let o(u) = -u**3 - 20*u**2 - 5*u + 190. Determine o(-19).
-76
Let c(r) = -110*r - 1551. What is c(-14)?
-11
Let g(v) = v**3 - 78*v**2 + 727*v + 669. Give g(67).
-1
Let u(i) = 151*i + 1977. Calculate u(-13).
14
Let g(y) = 2*y**2 + 127*y + 424. Calculate g(-60).
4
Let l(u) = 20*u**2 - 246*u + 27. Calculate l(11).
-259
Let s(y) = -1221*y - 4883. Calculate s(-4).
1
Let m(i) = 741*i + 26682. Give m(-36).
6
Let d(v) = 298*v - 2080. Calculate d(7).
6
Let d(m) = 18*m + 558. Calculate d(-2).
522
Let t(g) = g**3 + g**2 - 111*g - 88. Determine t(-11).
-77
Let j(f) = 16*f**2 + 134*f + 2. Calculate j(-8).
-46
Let p(g) = g**2 - 2*g - 124. Calculate p(11).
-25
Let q(v) = 18*v**2 - 97*v - 200. Give q(7).
3
Let w(k) = -k**2 + 48*k - 529. What is w(16)?
-17
Let f(d) = 11138*d - 44548. Give f(4).
4
Let o(p) = p**2 - 8*p - 46. Calculate o(-3).
-13
Let k(z) = -639*z - 7030. What is k(-11)?
-1
Let u(f) = -403*f - 4033. Determine u(-10).
-3
Let r(d) = -d**3 + 22*d**2 + 100*d + 180. Give r(26).
76
Let r(t) = -120*t**3 - 2*t**2 + 2*t + 1. Give r(1).
-119
Let x(v) = -3*v**2 - 114*v + 2499. What is x(16)?
-93
Let p(k) = k**3 - 17*k**2 + 10*k - 10. Give p(16).
-106
Let v(o) = 43*o - 12. Give v(-2).
-98
Let c(l) = l**2 + 62*l + 903. Give c(-23).
6
Let s(i) = 2*i**3 - 6*i**2 - 6*i - 9. Calculate s(5).
61
Let s(d) = 3*d**2 - 36*d - 417. What is s(-7)?
-18